-66497?
-66502
In base 16, what is -2e22b - -5?
-2e226
In base 8, what is 23314 + -10?
23304
In base 11, what is 27 + -13a13?
-13997
In base 7, what is -1 + -41120?
-41121
In base 4, what is 12 + 2311300?
2311312
In base 4, what is -1211032101 + -11?
-1211032112
In base 11, what is 43a34 + -a?
43a25
In base 2, what is 1111100 - 101000011000?
-100110011100
In base 14, what is 2da9b + -6?
2da95
In base 2, what is 100010000110111110 - 10?
100010000110111100
In base 13, what is -1 + -29858?
-29859
In base 14, what is 87b5 + 4?
87b9
In base 16, what is 0 + -14413?
-14413
In base 11, what is -7a2 - 172?
-964
In base 16, what is 9 - 6f78?
-6f6f
In base 9, what is -1630 + -5?
-1635
In base 4, what is -30330 + 101?
-30223
In base 10, what is 256496 - -1?
256497
In base 3, what is 10 + 122220?
200000
In base 15, what is 2102 - -4?
2106
In base 2, what is 10100001011 - 1111?
10011111100
In base 6, what is 5302 - 23?
5235
In base 16, what is -3b - 5cf8?
-5d33
In base 7, what is -3 - 10415042?
-10415045
In base 14, what is -38 + 20a1?
2067
In base 13, what is 17 + c59?
c73
In base 8, what is 31 + 10636?
10667
In base 8, what is 162 - 42?
120
In base 6, what is 4123124 - -3?
4123131
In base 4, what is 1102021 - -1?
1102022
In base 15, what is ea + -27da?
-26e0
In base 16, what is -27fe + -11?
-280f
In base 11, what is 43119 + -13?
43106
In base 11, what is -167aa98 - 4?
-167aaa1
In base 5, what is -4022 - 144?
-4221
In base 7, what is -15665 + -33?
-16031
In base 2, what is -11 - 110111110100101?
-110111110101000
In base 7, what is 11 - 36124?
-36113
In base 3, what is 11201112 - 222?
11200120
In base 12, what is -2239b - 7?
-223a6
In base 9, what is 41028 + -8?
41020
In base 15, what is e2a9 - 3?
e2a6
In base 5, what is 203101114 + 1?
203101120
In base 12, what is -461 + 748?
2a7
In base 10, what is 46 + 8154?
8200
In base 11, what is -4 - 36119?
-36122
In base 10, what is -583 - 70?
-653
In base 6, what is -42500 - -5?
-42451
In base 3, what is -110111111 - -2?
-110111102
In base 14, what is 7 - -70b3?
70ba
In base 11, what is -3 + -1841?
-1844
In base 5, what is 1114343 + 400?
1120243
In base 5, what is -21323 - 132?
-22010
In base 4, what is 10233101310 - 3?
10233101301
In base 15, what is -25e076 + -2?
-25e078
In base 16, what is 3 - -152ab9?
152abc
In base 15, what is 3e - -1254?
1293
In base 4, what is -3212102 - -1?
-3212101
In base 8, what is 47444 + -66?
47356
In base 10, what is -63569 + -1?
-63570
In base 7, what is 1460 - 253?
1204
In base 5, what is -2 - 22312?
-22314
In base 2, what is 101 - -1110011001110111?
1110011001111100
In base 11, what is 8a366a0 + 0?
8a366a0
In base 15, what is -4 + -d6dd1?
-d6dd5
In base 16, what is -2 + -1b048?
-1b04a
In base 15, what is b2 + 40?
102
In base 15, what is 48 + 8a26?
8a6e
In base 7, what is 3 + -14313550?
-14313544
In base 6, what is -5334 + -143?
-5521
In base 5, what is -42 - 1224304?
-1224401
In base 4, what is -1012 - 3113?
-10131
In base 5, what is -14 - 3040032?
-3040101
In base 11, what is 104830 + 5?
104835
In base 15, what is 294ea + 4?
294ee
In base 6, what is 3 + -23503010?
-23503003
In base 8, what is -172 + -32665?
-33057
In base 11, what is 1 + 20870?
20871
In base 16, what is 122 + -23a?
-118
In base 8, what is 650726 - 1?
650725
In base 5, what is -2 - 2244043?
-2244100
In base 11, what is -2 + -144767?
-144769
In base 10, what is 333 + 140?
473
In base 13, what is 59 + -282?
-226
In base 12, what is 823 - -6?
829
In base 6, what is -1510522 + -2?
-1510524
In base 2, what is -1100001 + 1000110100?
111010011
In base 9, what is -802 - 0?
-802
In base 4, what is -103020 - 12123?
-121203
In base 13, what is a9ac6 + -a?
a9ab9
In base 7, what is 2 - -163510?
163512
In base 11, what is 17 - -5576?
5592
In base 4, what is -2022210 - 11?
-2022221
In base 3, what is 111211202 + -110?
111211022
In base 3, what is -20020201 + -10?
-20020211
In base 14, what is -1 + 12646?
12645
In base 9, what is -185708 - 23?
-185732
In base 5, what is 0 + -10244412?
-10244412
In base 9, what is 3 + -74081?
-74077
In base 6, what is 4411012 + -5?
4411003
In base 14, what is 310 - -429?
739
In base 16, what is 2 - -3b0f7?
3b0f9
In base 5, what is -22241132 + -10?
-22241142
In base 11, what is -2 + -383?
-385
In base 6, what is 214 - -33250?
33504
In base 4, what is -120030110021 + 10?
-120030110011
In base 4, what is 1001 - -2000102?
2001103
In base 3, what is 120 + 2102020111?
2102021001
In base 16, what is -3c + 150?
114
In base 3, what is 101010112 - 1?
101010111
In base 2, what is -11 + -1011000000100?
-1011000000111
In base 12, what is 1 - -6004bb?
600500
In base 16, what is 1ed - 6ec?
-4ff
In base 11, what is -14184 + 25?
-1415a
In base 5, what is -22 + -114024?
-114101
In base 12, what is -5 - -4131?
4128
In base 6, what is 2 - -454313?
454315
In base 11, what is 2 + -9805?
-9803
In base 5, what is -134114201 + 4?
-134114142
In base 14, what is 1 - -8bd8?
8bd9
In base 10, what is 9099979 - 1?
9099978
In base 11, what is 425 - -106?
530
In base 16, what is -f1 + -5d?
-14e
In base 6, what is 11250 - 310?
10540
In base 9, what is -22002 + 5?
-21886
In base 4, what is -302232 - 1?
-302233
In base 11, what is -7a64 - -3?
-7a61
In base 7, what is 14140 + 64?
14234
In base 14, what is -82 - -159?
b7
In base 12, what is 160 + 230?
390
In base 16, what is 3631a + -3?
36317
In base 10, what is 16 - -5075?
5091
In base 5, what is 124 + 1340321?
1341000
In base 10, what is 17 + -2067?
-2050
In base 2, what is 101011110111100111011001 + 10?
101011110111100111011011
In base 14, what is 2dcc41 - -5?
2dcc46
In base 16, what is -116 - -38d?
277
In base 10, what is -6 + -23547?
-23553
In base 9, what is -1672 + 2?
-1670
In base 9, what is 0 - -8710?
8710
In base 13, what is -3 + -29c935?
-29c938
In base 5, what is 14 + -403032?
-403013
In base 14, what is -3d36 + 15?
-3d21
In base 13, what is ab + -275?
-197
In base 15, what is 208e - 3b?
2053
In base 8, what is -2727 + 565?
-2142
In base 15, what is -2 + -168e8?
-168ea
In base 2, what is 1101101010101 - 101001?
1101100101100
In base 8, what is -115374 + -3?
-115377
In base 14, what is 77464 - 7?
7745b
In base 12, what is -132b23a - 5?
-132b243
In base 12, what is 310508 + 0?
310508
In base 2, what is 10011001110011 - -1001100?
10011010111111
In base 11, what is 2 + -449?
-447
In base 15, what is b9 + 180d?
18c7
In base 14, what is 2d9 - -1156?
1451
In base 4, what is -1123012 - 3301?
-1132313
In base 11, what is 6113602 + 2?
6113604
In base 7, what is 6 - 1345331?
-1345322
In base 8, what is 1 + 43756?
43757
In base 15, what is 2071 - -16?
2087
In base 8, what is -4454777 + 0?
-4454777
In base 11, what is -1736 - 241?
-1977
In base 3, what is 2 + 11120121110?
11120121112
In base 13, what is -33710 + 3?
-3370a
In base 13, what is 628 - -15?
640
In base 14, what is 4 + 16b2?
16b6
In base 7, what is 2042616 - 1?
2042615
In base 6, what is 10 - 242020?
-242010
In base 15, what is -2a + 1451?
1426
In base 10, what is -38415 - -67?
-38348
In base 7, what is -664 + 402?
-262
In base 5, what is 0 - -10214430?
10214430
In base 14, what is 6675d - 1?
6675c
In base 14, what is 1d4 + 819?
a0d
In base 3, what is 1211121221 - 1?
1211121220
In base 3, what is 11000002 + -100?
10222202
In base 11, what is 4 - a3048?
-a3044
In base 6, what is -31 + 521413?
521342
In base 7, what is -35 + 2534?
2466
In base 8, what is -74 - 7425?
-7521
In base 12, what is -4124 + -8?
-4130
In base 4, what is 21203222 - 13?
21203203
In base 7, what is 14224 + 1?
14225
In base 13, what is 1441 + 101?
1542
In base 3, what is -120111 - 2021?
-122202
In base 3, what is -2220202 - 2?
-2220211
In base 9, what is 17 - -38386?
38414
In base 2, what is -1011111001 + -110011100?
-10010010101
In base 6, what is 420 + -11420?
-11000
In base 9, what is -1385848 + -3?
-1385852
In base 3, what is -2112210 + 100?
-2112110
In base 15, what is -5a - -691?
636
In base 8, what is -1127 + -1?
-1130
In base 7, what is -11 - 144222?
-144233
In base 4, what is -13200310 + 3?
-13200301
In base 4, what is 11 - -2113211?
2113222
In base 15, what is -2c5 - a?
-2d0
In base 2, what is -101101 - -1100110101100?
1100101111111
In base 13, what is -5 + 11948?
11943
In base 11, what is 11 + -31586?
-31575
In base 16, what is 6c806 + 3?
6c